 p - 32. Let k be (248/(-12))/(2/30). Let h = -182 - k. Calculate the highest common divisor of h and p.
16
Let s be (12/(-14))/(9/(-63)). Let w = 6 - s. Suppose -x + 2*x - 55 = w. Calculate the greatest common divisor of x and 11.
11
Suppose 0 = -15*f + 632 - 17. What is the greatest common factor of f and 369?
41
Suppose -17 = -m + 26. Suppose -w - 4*w + m = 4*u, 62 = 5*u - 2*w. Calculate the greatest common divisor of 18 and u.
6
Let t(w) = -2*w**3 - 6*w**2 + 3*w - 4. Let v = 7 - 12. Let m be t(v). Calculate the greatest common divisor of m and 9.
9
Let s be 26 - (-2 - -1)*1. Let z be 4/(-1)*(-9)/2. What is the highest common divisor of z and s?
9
Let y(r) = 12*r**2 - 2*r + 1. Let t be y(1). Let h(x) = x**2 + 3*x + 11. Let p be h(8). What is the highest common divisor of t and p?
11
Let s(j) = 6*j**2 - j + 1. Let g be s(-2). Suppose -6 = -n + 5. Suppose -y - 2 + n = 0. What is the greatest common divisor of y and g?
9
Suppose 0 = -5*u + 2*y + 60, u - 5*y - 4 = -15. What is the greatest common divisor of u and 28?
14
Let s be (-2)/((-3)/(-2 - -5)). Let w be ((-12)/(-18))/(s/21). Let v be (-1 - 0)/(-1)*35. What is the greatest common divisor of v and w?
7
Let z(i) = -i - 3. Let y be z(9). Let c = 30 + y. Suppose 5*q - 55 = 5*f, -4*q + 5*f + 28 = -2*q. What is the highest common divisor of c and q?
9
Let l = 8 - 13. Let w = l - -15. What is the greatest common factor of 30 and w?
10
Let q(f) = f**3 + 3*f**2 + f + 2. Let c be q(-2). Suppose -c*s + 66 = 10. Calculate the greatest common divisor of 14 and s.
14
Let o(u) = u**3 - 28*u**2 + 31*u - 56. Let z be o(27). Calculate the highest common factor of z and 4.
4
Suppose 0 = h - 0*h - 2. Suppose -216 = h*n - 6*n. Let m = 89 + n. What is the greatest common factor of 13 and m?
13
Suppose -4*p - 4*y + 508 = 0, 3 = -p + 4*y + 125. What is the greatest common factor of p and 36?
18
Let u be ((-9)/(-6))/(6/8). Let h = u + -5. Let b be 1*40 + h + 2. What is the highest common factor of 26 and b?
13
Suppose 0 = -7*o + 179 + 829. Calculate the highest common divisor of 12 and o.
12
Suppose -4*d = -5*c + 50, -52 = -c - 2*c - 2*d. Let z be (-2)/(-7) - (-24)/c. Suppose -z*p = -7*p + 60. What is the greatest common divisor of 4 and p?
4
Let j(c) = 36*c**2 - 2*c + 3. Let x(v) = -v**2 - 5*v + 2. Let t be x(-5). Suppose t*m = m + 2. Let g be j(m). Calculate the highest common factor of g and 13.
13
Let i be 2/(-4)*(-182 - 10). Calculate the highest common divisor of i and 12.
12
Let o = 56 + -32. Calculate the highest common divisor of 6 and o.
6
Let y(z) = 5*z + 6*z - z. Let h be y(2). What is the highest common divisor of 120 and h?
20
Let h(d) = -d + 21. Let t be h(-8). What is the greatest common divisor of 145 and t?
29
Suppose 9 = -4*w + 5*w. Calculate the greatest common divisor of 90 and w.
9
Let p = -67 - -72. Calculate the highest common divisor of 20 and p.
5
Suppose -9 = -2*g - 1. Suppose -28 = -4*n - g. Suppose y = 3*y - n. Calculate the greatest common divisor of y and 2.
1
Suppose -145 = -3*r - 46. Calculate the greatest common factor of 22 and r.
11
Let t = 62 + -102. Let a = t - -75. Calculate the greatest common divisor of a and 35.
35
Let p(a) be the second derivative of a**4/3 - a**3/6 - a**2 + 6*a. Let n be p(2). What is the highest common factor of 30 and n?
6
Let j be (6 - 8)*(-26)/4. Suppose 4*h - 258 = -0*v + 2*v, -197 = -3*h - 2*v. Calculate the greatest common divisor of h and j.
13
Let x(g) = g + 5. Let n(b) = b + 1. Let o(q) = -2*n(q) + x(q). Let z be o(-5). Calculate the highest common factor of z and 20.
4
Suppose 4*k = 2*k + 12. Let y(v) = 14*v. Let q be y(3). What is the highest common divisor of k and q?
6
Let f = -1 - -3. Suppose -4*a - a + v + 138 = 0, a = f*v + 33. What is the highest common factor of a and 18?
9
Let j(h) = h**2 + 11*h + 4. Let y be j(-11). Suppose -3*s + 74 - 14 = 0. Calculate the highest common divisor of s and y.
4
Let g(n) = -n**3 - n - 2. Let c be g(0). Let b be ((-36)/(-15))/(c/(-10)). Let u be 6 + 1*(0 - 0). Calculate the greatest common factor of b and u.
6
Let i be ((-12)/8)/((-139)/138 - -1). What is the greatest common divisor of 23 and i?
23
Let t(h) = 2*h**2 - 9*h + 1. Let n be t(7). Let k = -16 + 28. Calculate the highest common divisor of n and k.
12
Let r(y) = 24*y. Let b be r(1). What is the highest common divisor of b and 12?
12
Suppose 5*r - 3*r - 26 = 0. Suppose 2*a - 6*a + 5*z = -r, 5*z = 5*a - 15. Let b be ((-9)/a)/(3/(-20)). Calculate the greatest common factor of 5 and b.
5
Suppose -t - 40 = 4*t. Let i be (-8)/3*54/t. Let r(m) = -36*m. Let c be r(-2). What is the greatest common divisor of c and i?
18
Suppose -5*l + 416 = -l. Let t be (-8)/40 + 396/30. What is the greatest common divisor of t and l?
13
Let t be 0 - (-8*7 + -1). Calculate the greatest common factor of 57 and t.
57
Suppose 5*g - 2*g - 192 = 0. Let d = g + -34. Calculate the greatest common factor of d and 20.
10
Suppose -9*n + 5*n = -80. Suppose -2*z + 58 = n. Calculate the highest common divisor of z and 152.
19
Let o(p) = 2*p**2 + 3*p + 1. Let s be o(-3). Calculate the highest common factor of 10 and s.
10
Suppose 0 = 2*k - 28. Let o(m) = m**3 - 3*m**2 - m + 2. Let q be o(4). What is the greatest common divisor of q and k?
14
Let d = 13 - 10. Suppose 3*n - 8 - 1 = 0. Calculate the highest common divisor of n and d.
3
Let r(s) = -5*s - 8. Let t be r(-4). Calculate the highest common factor of 12 and t.
12
Let g = 7 - -3. Suppose -5*r + 4*c = -400, 0 = -r + 5*c + 118 - 38. What is the highest common divisor of g and r?
10
Let x be 141 + 0 + (0 - -2). Let r(p) = 4*p - 51. Let y be r(16). Calculate the greatest common divisor of x and y.
13
Let l(c) = c**2 - 9. Let m be l(7). What is the highest common divisor of 5 and m?
5
Suppose 0 = -4*b + 5*b - 92. Suppose 5*h = -5, -2*h - b = -0*l - l. What is the highest common factor of l and 10?
10
Let k(b) = -10*b**3 - b + 1. Let z be k(1). Suppose 12 + 11 = u. Let t = u + z. Calculate the highest common divisor of 26 and t.
13
Suppose 0 = -2*l + 35 - 11. Let k be (12/(-10))/(1/(-5)). Calculate the highest common factor of l and k.
6
Let t(y) = -2*y + 4. Let x = -2 + 0. Let p be -4 - (1 + -2 - x). Let i be t(p). Calculate the greatest common divisor of i and 21.
7
Let a = -126 - -206. Suppose d + d - a = 0. What is the greatest common divisor of 16 and d?
8
Let b be (-3)/(-6)*(10 + 0). Suppose -b*c - 75 = -225. What is the greatest common factor of c and 12?
6
Let f be (-2)/(-4)*-2*-1. Let v be (f/(-2))/(1/12). Let m(y) = -12*y - 7. Let c be m(v). Calculate the greatest common divisor of 13 and c.
13
Let n(g) = 6*g**2 - 4*g - 1. Let i be n(-3). What is the greatest common divisor of 13 and i?
13
Suppose y - 5*l + 37 = 5*y, -11 = 3*y - 4*l. Suppose u + y*u = 0. Suppose 5*c + 45 = 3*g - 23, -c - 4 = u. Calculate the greatest common factor of 16 and g.
16
Let s = 6 - 0. Let t = 52 + 8. Calculate the greatest common divisor of s and t.
6
Suppose 3*l - 2 = 2*a, 3 = 2*l - 1. What is the highest common factor of a and 3?
1
Let v be (116/(-6))/((-8)/(-36)). Let q = v - -131. Calculate the highest common factor of q and 110.
22
Let q(n) = -n**3 + 5*n**2 + n + 2. Let l be q(5). Let t = l + 105. Calculate the greatest common divisor of 16 and t.
16
Let d = -50 - -53. What is the highest common factor of 24 and d?
3
Let p = 35 + -17. Let n(u) = -4 - 2 - 2*u + 3. Let w be n(-6). Calculate the highest common factor of p and w.
9
Let c(r) = r**2 + 2*r - 4. Let b be c(-4). Suppose 2*q = b*s + 36, -s = -5*q - 64 + 181. Calculate the greatest common factor of 168 and q.
24
Let c be (4 - -35)/(3/2). Let q = c - 15. Let s be q - (0/(-3) - -3). Calculate the greatest common divisor of 1 and s.
1
Suppose 0 = 2*h - 271 - 341. Calculate the highest common divisor of 18 and h.
18
Suppose -28 = 5*m - 98. Suppose -280 = 21*j - 26*j. Calculate the highest common divisor of m and j.
14
Let p = -27 - -62. Calculate the greatest common factor of p and 14.
7
Suppose 12 = 4*r - 0. What is the greatest common factor of r and 18?
3
Let t(u) = -u**3 - 6*u**2 - 3*u + 4. Let r be t(-6). Let g = 1 - r. Let v = g - -45. What is the greatest common divisor of v and 96?
24
Suppose 0 = 2*k + k - 2*b - 39, 0 = k - 3*b - 20. Let p = -6 - -26. Let w = -9 + p. Calculate